{"id":61705,"date":"2017-05-09T10:17:03","date_gmt":"2017-05-09T08:17:03","guid":{"rendered":"https:\/\/www.agres.es\/gastronomia\/"},"modified":"2021-05-06T09:36:08","modified_gmt":"2021-05-06T07:36:08","slug":"gastronomia","status":"publish","type":"page","link":"https:\/\/www.agres.es\/es\/turismo\/gastronomia\/","title":{"rendered":"Gastronom\u00eda"},"content":{"rendered":"[et_pb_section fb_built=\u00bb1&#8243; admin_label=\u00bbSecci\u00f3n\u00bb _builder_version=\u00bb3.22&#8243;][et_pb_row admin_label=\u00bbFila\u00bb _builder_version=\u00bb3.25&#8243; background_size=\u00bbinitial\u00bb background_position=\u00bbtop_left\u00bb background_repeat=\u00bbrepeat\u00bb][et_pb_column type=\u00bb4_4&#8243; _builder_version=\u00bb3.25&#8243; custom_padding=\u00bb|||\u00bb custom_padding__hover=\u00bb|||\u00bb][et_pb_text admin_label=\u00bbTexto\u00bb _builder_version=\u00bb4.9.0&#8243; text_font_size=\u00bb18px\u00bb border_style=\u00bbsolid\u00bb]\n<p>La gastronom\u00eda t\u00edpica de Agres comprende platos como la pericana, el arroz caldoso, los gazpachos, la \u00abborreta\u00bb y las \u00abpimientos rellenos\u00bb.<\/p>\n<p>En el comercio local tenemos establecimientos como el horno de pan, la carnicer\u00eda \u00abEnrique y Ana\u00bb, verduler\u00eda Amparo, comestibles Encarna y Plantas arom\u00e1ticas.<\/p>\n[\/et_pb_text][\/et_pb_column][\/et_pb_row][\/et_pb_section][et_pb_section fb_built=\u00bb1&#8243; _builder_version=\u00bb4.9.4&#8243; _module_preset=\u00bbdefault\u00bb][et_pb_row _builder_version=\u00bb4.9.4&#8243; _module_preset=\u00bbdefault\u00bb][et_pb_column type=\u00bb4_4&#8243; _builder_version=\u00bb4.9.4&#8243; _module_preset=\u00bbdefault\u00bb][et_pb_blog fullwidth=\u00bboff\u00bb posts_number=\u00bb12&#8243; include_categories=\u00bb159&#8243; use_manual_excerpt=\u00bboff\u00bb show_author=\u00bboff\u00bb show_date=\u00bboff\u00bb show_categories=\u00bboff\u00bb show_excerpt=\u00bboff\u00bb _builder_version=\u00bb4.9.4&#8243; _module_preset=\u00bbdefault\u00bb hover_enabled=\u00bb0&#8243; header_font=\u00bbAclonica||||||||\u00bb sticky_enabled=\u00bb0&#8243;][\/et_pb_blog][\/et_pb_column][\/et_pb_row][\/et_pb_section]\n","protected":false},"excerpt":{"rendered":"<p>La gastronom\u00eda t\u00edpica de Agres comprende platos como la pericana, el arroz caldoso, los gazpachos, la \u00abborreta\u00bb y las \u00abpimientos rellenos\u00bb. En el comercio local tenemos establecimientos como el horno [&hellip;]<\/p>\n","protected":false},"author":1,"featured_media":29790,"parent":61730,"menu_order":0,"comment_status":"closed","ping_status":"closed","template":"","meta":{"_et_pb_use_builder":"on","_et_pb_old_content":"","_et_gb_content_width":"","footnotes":""},"class_list":["post-61705","page","type-page","status-publish","has-post-thumbnail","hentry"],"yoast_head":"<!-- This site is optimized with the Yoast SEO plugin v26.9 - https:\/\/yoast.com\/product\/yoast-seo-wordpress\/ -->\n<title>Gastronom\u00eda - Agres<\/title>\n<meta name=\"robots\" content=\"index, follow, max-snippet:-1, max-image-preview:large, max-video-preview:-1\" \/>\n<link rel=\"canonical\" href=\"https:\/\/www.agres.es\/es\/turismo\/gastronomia\/\" \/>\n<meta property=\"og:locale\" content=\"es_ES\" \/>\n<meta property=\"og:type\" content=\"article\" \/>\n<meta property=\"og:title\" content=\"Gastronom\u00eda - Agres\" \/>\n<meta property=\"og:description\" content=\"La gastronom\u00eda t\u00edpica de Agres comprende platos como la pericana, el arroz caldoso, los gazpachos, la &quot;borreta&quot; y las &quot;pimientos rellenos&quot;. En el comercio local tenemos establecimientos como el horno [&hellip;]\" \/>\n<meta property=\"og:url\" content=\"https:\/\/www.agres.es\/es\/turismo\/gastronomia\/\" \/>\n<meta property=\"og:site_name\" content=\"Agres\" \/>\n<meta property=\"article:modified_time\" content=\"2021-05-06T07:36:08+00:00\" \/>\n<meta property=\"og:image\" content=\"https:\/\/www.agres.es\/wp-content\/uploads\/2017\/05\/gastronomia.jpg\" \/>\n\t<meta property=\"og:image:width\" content=\"1920\" \/>\n\t<meta property=\"og:image:height\" content=\"1271\" \/>\n\t<meta property=\"og:image:type\" content=\"image\/jpeg\" \/>\n<meta name=\"twitter:card\" content=\"summary_large_image\" \/>\n<meta name=\"twitter:label1\" content=\"Tiempo de lectura\" \/>\n\t<meta name=\"twitter:data1\" content=\"1 minuto\" \/>\n<script type=\"application\/ld+json\" class=\"yoast-schema-graph\">{\"@context\":\"https:\/\/schema.org\",\"@graph\":[{\"@type\":\"WebPage\",\"@id\":\"https:\/\/www.agres.es\/es\/turismo\/gastronomia\/\",\"url\":\"https:\/\/www.agres.es\/es\/turismo\/gastronomia\/\",\"name\":\"Gastronom\u00eda - Agres\",\"isPartOf\":{\"@id\":\"https:\/\/www.agres.es\/es\/#website\"},\"primaryImageOfPage\":{\"@id\":\"https:\/\/www.agres.es\/es\/turismo\/gastronomia\/#primaryimage\"},\"image\":{\"@id\":\"https:\/\/www.agres.es\/es\/turismo\/gastronomia\/#primaryimage\"},\"thumbnailUrl\":\"https:\/\/www.agres.es\/wp-content\/uploads\/2017\/05\/gastronomia.jpg\",\"datePublished\":\"2017-05-09T08:17:03+00:00\",\"dateModified\":\"2021-05-06T07:36:08+00:00\",\"breadcrumb\":{\"@id\":\"https:\/\/www.agres.es\/es\/turismo\/gastronomia\/#breadcrumb\"},\"inLanguage\":\"es\",\"potentialAction\":[{\"@type\":\"ReadAction\",\"target\":[\"https:\/\/www.agres.es\/es\/turismo\/gastronomia\/\"]}]},{\"@type\":\"ImageObject\",\"inLanguage\":\"es\",\"@id\":\"https:\/\/www.agres.es\/es\/turismo\/gastronomia\/#primaryimage\",\"url\":\"https:\/\/www.agres.es\/wp-content\/uploads\/2017\/05\/gastronomia.jpg\",\"contentUrl\":\"https:\/\/www.agres.es\/wp-content\/uploads\/2017\/05\/gastronomia.jpg\",\"width\":1920,\"height\":1271},{\"@type\":\"BreadcrumbList\",\"@id\":\"https:\/\/www.agres.es\/es\/turismo\/gastronomia\/#breadcrumb\",\"itemListElement\":[{\"@type\":\"ListItem\",\"position\":1,\"name\":\"Inicio\",\"item\":\"https:\/\/www.agres.es\/es\/\"},{\"@type\":\"ListItem\",\"position\":2,\"name\":\"Turismo\",\"item\":\"https:\/\/www.agres.es\/es\/turismo\/\"},{\"@type\":\"ListItem\",\"position\":3,\"name\":\"Gastronom\u00eda\"}]},{\"@type\":\"WebSite\",\"@id\":\"https:\/\/www.agres.es\/es\/#website\",\"url\":\"https:\/\/www.agres.es\/es\/\",\"name\":\"Agres\",\"description\":\"Ayuntamiento de la Vila de Agres\",\"potentialAction\":[{\"@type\":\"SearchAction\",\"target\":{\"@type\":\"EntryPoint\",\"urlTemplate\":\"https:\/\/www.agres.es\/es\/?s={search_term_string}\"},\"query-input\":{\"@type\":\"PropertyValueSpecification\",\"valueRequired\":true,\"valueName\":\"search_term_string\"}}],\"inLanguage\":\"es\"}]}<\/script>\n<!-- \/ Yoast SEO plugin. -->","yoast_head_json":{"title":"Gastronom\u00eda - Agres","robots":{"index":"index","follow":"follow","max-snippet":"max-snippet:-1","max-image-preview":"max-image-preview:large","max-video-preview":"max-video-preview:-1"},"canonical":"https:\/\/www.agres.es\/es\/turismo\/gastronomia\/","og_locale":"es_ES","og_type":"article","og_title":"Gastronom\u00eda - Agres","og_description":"La gastronom\u00eda t\u00edpica de Agres comprende platos como la pericana, el arroz caldoso, los gazpachos, la \"borreta\" y las \"pimientos rellenos\". En el comercio local tenemos establecimientos como el horno [&hellip;]","og_url":"https:\/\/www.agres.es\/es\/turismo\/gastronomia\/","og_site_name":"Agres","article_modified_time":"2021-05-06T07:36:08+00:00","og_image":[{"width":1920,"height":1271,"url":"https:\/\/www.agres.es\/wp-content\/uploads\/2017\/05\/gastronomia.jpg","type":"image\/jpeg"}],"twitter_card":"summary_large_image","twitter_misc":{"Tiempo de lectura":"1 minuto"},"schema":{"@context":"https:\/\/schema.org","@graph":[{"@type":"WebPage","@id":"https:\/\/www.agres.es\/es\/turismo\/gastronomia\/","url":"https:\/\/www.agres.es\/es\/turismo\/gastronomia\/","name":"Gastronom\u00eda - Agres","isPartOf":{"@id":"https:\/\/www.agres.es\/es\/#website"},"primaryImageOfPage":{"@id":"https:\/\/www.agres.es\/es\/turismo\/gastronomia\/#primaryimage"},"image":{"@id":"https:\/\/www.agres.es\/es\/turismo\/gastronomia\/#primaryimage"},"thumbnailUrl":"https:\/\/www.agres.es\/wp-content\/uploads\/2017\/05\/gastronomia.jpg","datePublished":"2017-05-09T08:17:03+00:00","dateModified":"2021-05-06T07:36:08+00:00","breadcrumb":{"@id":"https:\/\/www.agres.es\/es\/turismo\/gastronomia\/#breadcrumb"},"inLanguage":"es","potentialAction":[{"@type":"ReadAction","target":["https:\/\/www.agres.es\/es\/turismo\/gastronomia\/"]}]},{"@type":"ImageObject","inLanguage":"es","@id":"https:\/\/www.agres.es\/es\/turismo\/gastronomia\/#primaryimage","url":"https:\/\/www.agres.es\/wp-content\/uploads\/2017\/05\/gastronomia.jpg","contentUrl":"https:\/\/www.agres.es\/wp-content\/uploads\/2017\/05\/gastronomia.jpg","width":1920,"height":1271},{"@type":"BreadcrumbList","@id":"https:\/\/www.agres.es\/es\/turismo\/gastronomia\/#breadcrumb","itemListElement":[{"@type":"ListItem","position":1,"name":"Inicio","item":"https:\/\/www.agres.es\/es\/"},{"@type":"ListItem","position":2,"name":"Turismo","item":"https:\/\/www.agres.es\/es\/turismo\/"},{"@type":"ListItem","position":3,"name":"Gastronom\u00eda"}]},{"@type":"WebSite","@id":"https:\/\/www.agres.es\/es\/#website","url":"https:\/\/www.agres.es\/es\/","name":"Agres","description":"Ayuntamiento de la Vila de Agres","potentialAction":[{"@type":"SearchAction","target":{"@type":"EntryPoint","urlTemplate":"https:\/\/www.agres.es\/es\/?s={search_term_string}"},"query-input":{"@type":"PropertyValueSpecification","valueRequired":true,"valueName":"search_term_string"}}],"inLanguage":"es"}]}},"_links":{"self":[{"href":"https:\/\/www.agres.es\/es\/wp-json\/wp\/v2\/pages\/61705","targetHints":{"allow":["GET"]}}],"collection":[{"href":"https:\/\/www.agres.es\/es\/wp-json\/wp\/v2\/pages"}],"about":[{"href":"https:\/\/www.agres.es\/es\/wp-json\/wp\/v2\/types\/page"}],"author":[{"embeddable":true,"href":"https:\/\/www.agres.es\/es\/wp-json\/wp\/v2\/users\/1"}],"replies":[{"embeddable":true,"href":"https:\/\/www.agres.es\/es\/wp-json\/wp\/v2\/comments?post=61705"}],"version-history":[{"count":0,"href":"https:\/\/www.agres.es\/es\/wp-json\/wp\/v2\/pages\/61705\/revisions"}],"up":[{"embeddable":true,"href":"https:\/\/www.agres.es\/es\/wp-json\/wp\/v2\/pages\/61730"}],"wp:featuredmedia":[{"embeddable":true,"href":"https:\/\/www.agres.es\/es\/wp-json\/wp\/v2\/media\/29790"}],"wp:attachment":[{"href":"https:\/\/www.agres.es\/es\/wp-json\/wp\/v2\/media?parent=61705"}],"curies":[{"name":"wp","href":"https:\/\/api.w.org\/{rel}","templated":true}]}}

Gastronomía

[et_pb_section fb_built=»1&#8243; admin_label=»Sección» _builder_version=»3.22&#8243;][et_pb_row admin_label=»Fila» _builder_version=»3.25&#8243; background_size=»initial» background_position=»top_left» background_repeat=»repeat»][et_pb_column type=»4_4&#8243; _builder_version=»3.25&#8243; custom_padding=»|||» custom_padding__hover=»|||»][et_pb_text admin_label=»Texto» _builder_version=»4.9.0&#8243; text_font_size=»18px» border_style=»solid»]
<p>La gastronomía típica de Agres comprende platos como la pericana, el arroz caldoso, los gazpachos, la «borreta» y las «pimientos rellenos».</p>
<p>En el comercio local tenemos establecimientos como el horno de pan, la carnicería «Enrique y Ana», verdulería Amparo, comestibles Encarna y Plantas aromáticas.</p>
[/et_pb_text][/et_pb_column][/et_pb_row][/et_pb_section][et_pb_section fb_built=»1&#8243; _builder_version=»4.9.4&#8243; _module_preset=»default»][et_pb_row _builder_version=»4.9.4&#8243; _module_preset=»default»][et_pb_column type=»4_4&#8243; _builder_version=»4.9.4&#8243; _module_preset=»default»][et_pb_blog fullwidth=»off» posts_number=»12&#8243; include_categories=»159&#8243; use_manual_excerpt=»off» show_author=»off» show_date=»off» show_categories=»off» show_excerpt=»off» _builder_version=»4.9.4&#8243; _module_preset=»default» hover_enabled=»0&#8243; header_font=»Aclonica||||||||» sticky_enabled=»0&#8243;][/et_pb_blog][/et_pb_column][/et_pb_row][/et_pb_section]

<p>La gastronomía típica de Agres comprende platos como la pericana, el arroz caldoso, los gazpachos, la «borreta» y las «pimientos rellenos». En el comercio local tenemos establecimientos como el horno [&hellip;]</p>

<!-- This site is optimized with the Yoast SEO plugin v26.9 - https://yoast.com/product/yoast-seo-wordpress/ -->
<title>Gastronomía - Agres</title>
<meta name="robots" content="index, follow, max-snippet:-1, max-image-preview:large, max-video-preview:-1" />
<link rel="canonical" href="https://www.agres.es/es/turismo/gastronomia/" />
<meta property="og:locale" content="es_ES" />
<meta property="og:type" content="article" />
<meta property="og:title" content="Gastronomía - Agres" />
<meta property="og:description" content="La gastronomía típica de Agres comprende platos como la pericana, el arroz caldoso, los gazpachos, la &quot;borreta&quot; y las &quot;pimientos rellenos&quot;. En el comercio local tenemos establecimientos como el horno [&hellip;]" />
<meta property="og:url" content="https://www.agres.es/es/turismo/gastronomia/" />
<meta property="og:site_name" content="Agres" />
<meta property="article:modified_time" content="2021-05-06T07:36:08+00:00" />
<meta property="og:image" content="https://www.agres.es/wp-content/uploads/2017/05/gastronomia.jpg" />
	<meta property="og:image:width" content="1920" />
	<meta property="og:image:height" content="1271" />
	<meta property="og:image:type" content="image/jpeg" />
<meta name="twitter:card" content="summary_large_image" />
<meta name="twitter:label1" content="Tiempo de lectura" />
	<meta name="twitter:data1" content="1 minuto" />
<script type="application/ld+json" class="yoast-schema-graph">{"@context":"https://schema.org","@graph":[{"@type":"WebPage","@id":"https://www.agres.es/es/turismo/gastronomia/","url":"https://www.agres.es/es/turismo/gastronomia/","name":"Gastronomía - Agres","isPartOf":{"@id":"https://www.agres.es/es/#website"},"primaryImageOfPage":{"@id":"https://www.agres.es/es/turismo/gastronomia/#primaryimage"},"image":{"@id":"https://www.agres.es/es/turismo/gastronomia/#primaryimage"},"thumbnailUrl":"https://www.agres.es/wp-content/uploads/2017/05/gastronomia.jpg","datePublished":"2017-05-09T08:17:03+00:00","dateModified":"2021-05-06T07:36:08+00:00","breadcrumb":{"@id":"https://www.agres.es/es/turismo/gastronomia/#breadcrumb"},"inLanguage":"es","potentialAction":[{"@type":"ReadAction","target":["https://www.agres.es/es/turismo/gastronomia/"]}]},{"@type":"ImageObject","inLanguage":"es","@id":"https://www.agres.es/es/turismo/gastronomia/#primaryimage","url":"https://www.agres.es/wp-content/uploads/2017/05/gastronomia.jpg","contentUrl":"https://www.agres.es/wp-content/uploads/2017/05/gastronomia.jpg","width":1920,"height":1271},{"@type":"BreadcrumbList","@id":"https://www.agres.es/es/turismo/gastronomia/#breadcrumb","itemListElement":[{"@type":"ListItem","position":1,"name":"Inicio","item":"https://www.agres.es/es/"},{"@type":"ListItem","position":2,"name":"Turismo","item":"https://www.agres.es/es/turismo/"},{"@type":"ListItem","position":3,"name":"Gastronomía"}]},{"@type":"WebSite","@id":"https://www.agres.es/es/#website","url":"https://www.agres.es/es/","name":"Agres","description":"Ayuntamiento de la Vila de Agres","potentialAction":[{"@type":"SearchAction","target":{"@type":"EntryPoint","urlTemplate":"https://www.agres.es/es/?s={search_term_string}"},"query-input":{"@type":"PropertyValueSpecification","valueRequired":true,"valueName":"search_term_string"}}],"inLanguage":"es"}]}</script>
<!-- / Yoast SEO plugin. -->

Gastronomía - Agres

La gastronomía típica de Agres comprende platos como la pericana, el arroz caldoso, los gazpachos, la "borreta" y las "pimientos rellenos". En el comercio local tenemos establecimientos como el horno [&hellip;]
