{"id":61828,"date":"2021-03-12T12:52:46","date_gmt":"2021-03-12T11:52:46","guid":{"rendered":"https:\/\/www.agres.es\/proteccion-de-datos\/"},"modified":"2021-03-12T12:54:23","modified_gmt":"2021-03-12T11:54:23","slug":"proteccion-de-datos","status":"publish","type":"page","link":"https:\/\/www.agres.es\/es\/aviso-legal\/proteccion-de-datos\/","title":{"rendered":"Protecci\u00f3n de datos"},"content":{"rendered":"[et_pb_section bb_built=\u00bb1&#8243;][et_pb_row][et_pb_column type=\u00bb4_4&#8243;][et_pb_text _builder_version=\u00bb4.9.1&#8243; text_text_shadow_horizontal_length=\u00bbtext_text_shadow_style,%91object Object%93&#8243; text_text_shadow_horizontal_length_tablet=\u00bb0px\u00bb text_text_shadow_vertical_length=\u00bbtext_text_shadow_style,%91object Object%93&#8243; text_text_shadow_vertical_length_tablet=\u00bb0px\u00bb text_text_shadow_blur_strength=\u00bbtext_text_shadow_style,%91object Object%93&#8243; text_text_shadow_blur_strength_tablet=\u00bb1px\u00bb link_text_shadow_horizontal_length=\u00bblink_text_shadow_style,%91object Object%93&#8243; link_text_shadow_horizontal_length_tablet=\u00bb0px\u00bb link_text_shadow_vertical_length=\u00bblink_text_shadow_style,%91object Object%93&#8243; link_text_shadow_vertical_length_tablet=\u00bb0px\u00bb link_text_shadow_blur_strength=\u00bblink_text_shadow_style,%91object Object%93&#8243; link_text_shadow_blur_strength_tablet=\u00bb1px\u00bb ul_text_shadow_horizontal_length=\u00bbul_text_shadow_style,%91object Object%93&#8243; ul_text_shadow_horizontal_length_tablet=\u00bb0px\u00bb ul_text_shadow_vertical_length=\u00bbul_text_shadow_style,%91object Object%93&#8243; ul_text_shadow_vertical_length_tablet=\u00bb0px\u00bb ul_text_shadow_blur_strength=\u00bbul_text_shadow_style,%91object Object%93&#8243; ul_text_shadow_blur_strength_tablet=\u00bb1px\u00bb ol_text_shadow_horizontal_length=\u00bbol_text_shadow_style,%91object Object%93&#8243; ol_text_shadow_horizontal_length_tablet=\u00bb0px\u00bb ol_text_shadow_vertical_length=\u00bbol_text_shadow_style,%91object Object%93&#8243; ol_text_shadow_vertical_length_tablet=\u00bb0px\u00bb ol_text_shadow_blur_strength=\u00bbol_text_shadow_style,%91object Object%93&#8243; ol_text_shadow_blur_strength_tablet=\u00bb1px\u00bb quote_text_shadow_horizontal_length=\u00bbquote_text_shadow_style,%91object Object%93&#8243; quote_text_shadow_horizontal_length_tablet=\u00bb0px\u00bb quote_text_shadow_vertical_length=\u00bbquote_text_shadow_style,%91object Object%93&#8243; quote_text_shadow_vertical_length_tablet=\u00bb0px\u00bb quote_text_shadow_blur_strength=\u00bbquote_text_shadow_style,%91object Object%93&#8243; quote_text_shadow_blur_strength_tablet=\u00bb1px\u00bb header_text_shadow_horizontal_length=\u00bbheader_text_shadow_style,%91object Object%93&#8243; header_text_shadow_horizontal_length_tablet=\u00bb0px\u00bb header_text_shadow_vertical_length=\u00bbheader_text_shadow_style,%91object Object%93&#8243; header_text_shadow_vertical_length_tablet=\u00bb0px\u00bb header_text_shadow_blur_strength=\u00bbheader_text_shadow_style,%91object Object%93&#8243; header_text_shadow_blur_strength_tablet=\u00bb1px\u00bb header_2_text_shadow_horizontal_length=\u00bbheader_2_text_shadow_style,%91object Object%93&#8243; header_2_text_shadow_horizontal_length_tablet=\u00bb0px\u00bb header_2_text_shadow_vertical_length=\u00bbheader_2_text_shadow_style,%91object Object%93&#8243; header_2_text_shadow_vertical_length_tablet=\u00bb0px\u00bb header_2_text_shadow_blur_strength=\u00bbheader_2_text_shadow_style,%91object Object%93&#8243; header_2_text_shadow_blur_strength_tablet=\u00bb1px\u00bb header_3_text_shadow_horizontal_length=\u00bbheader_3_text_shadow_style,%91object Object%93&#8243; header_3_text_shadow_horizontal_length_tablet=\u00bb0px\u00bb header_3_text_shadow_vertical_length=\u00bbheader_3_text_shadow_style,%91object Object%93&#8243; header_3_text_shadow_vertical_length_tablet=\u00bb0px\u00bb header_3_text_shadow_blur_strength=\u00bbheader_3_text_shadow_style,%91object Object%93&#8243; header_3_text_shadow_blur_strength_tablet=\u00bb1px\u00bb header_4_text_shadow_horizontal_length=\u00bbheader_4_text_shadow_style,%91object Object%93&#8243; header_4_text_shadow_horizontal_length_tablet=\u00bb0px\u00bb header_4_text_shadow_vertical_length=\u00bbheader_4_text_shadow_style,%91object Object%93&#8243; header_4_text_shadow_vertical_length_tablet=\u00bb0px\u00bb header_4_text_shadow_blur_strength=\u00bbheader_4_text_shadow_style,%91object Object%93&#8243; header_4_text_shadow_blur_strength_tablet=\u00bb1px\u00bb header_5_text_shadow_horizontal_length=\u00bbheader_5_text_shadow_style,%91object Object%93&#8243; header_5_text_shadow_horizontal_length_tablet=\u00bb0px\u00bb header_5_text_shadow_vertical_length=\u00bbheader_5_text_shadow_style,%91object Object%93&#8243; header_5_text_shadow_vertical_length_tablet=\u00bb0px\u00bb header_5_text_shadow_blur_strength=\u00bbheader_5_text_shadow_style,%91object Object%93&#8243; header_5_text_shadow_blur_strength_tablet=\u00bb1px\u00bb header_6_text_shadow_horizontal_length=\u00bbheader_6_text_shadow_style,%91object Object%93&#8243; header_6_text_shadow_horizontal_length_tablet=\u00bb0px\u00bb header_6_text_shadow_vertical_length=\u00bbheader_6_text_shadow_style,%91object Object%93&#8243; header_6_text_shadow_vertical_length_tablet=\u00bb0px\u00bb header_6_text_shadow_blur_strength=\u00bbheader_6_text_shadow_style,%91object Object%93&#8243; header_6_text_shadow_blur_strength_tablet=\u00bb1px\u00bb box_shadow_horizontal_tablet=\u00bb0px\u00bb box_shadow_vertical_tablet=\u00bb0px\u00bb box_shadow_blur_tablet=\u00bb40px\u00bb box_shadow_spread_tablet=\u00bb0px\u00bb vertical_offset_tablet=\u00bb0&#8243; horizontal_offset_tablet=\u00bb0&#8243; z_index_tablet=\u00bb0&#8243;]\n<p>La visita a los portales institucionales del Ayuntamiento de la Villa de Agres se efect\u00faa en forma an\u00f3nima.<br \/>\nSolamente para poder acceder a alguno de los servicios de la web que dispongan de gesti\u00f3n o tr\u00e1mite espec\u00edfico los usuarios habr\u00e1n de suministrar los datos personales imprescindibles para la prestaci\u00f3n del servicio solicitado.<br \/>\nEstos datos se incorporar\u00e1n a los correspondientes ficheros del Ayuntamiento de la Villa de Agres y ser\u00e1n tratados de conformidad con la regulaci\u00f3n establecida por la Ley Org\u00e1nica 15\/1.999, de 13 de diciembre, de Protecci\u00f3n de Datos de Car\u00e1cter Personal, y dem\u00e1s disposiciones de aplicaci\u00f3n.<br \/>\nLos datos recabados \u00fanicamente ser\u00e1n objeto de cesi\u00f3n, en su caso, previo consentimiento del interesado o de acuerdo con lo previsto en la citada Ley Org\u00e1nica de Protecci\u00f3n de Datos de Car\u00e1cter Personal.<br \/>\nLas personas cuyos datos personales consten en un fichero del Ayuntamiento de la Villa de Agres podr\u00e1n ejercitar los derechos de acceso, rectificaci\u00f3n, cancelaci\u00f3n y oposici\u00f3n, en la forma prevista en la Ley, ante el \u00f3rgano responsable del fichero.<\/p>\n[\/et_pb_text][\/et_pb_column][\/et_pb_row][\/et_pb_section]\n","protected":false},"excerpt":{"rendered":"<p><div class=\"et_pb_row et_pb_row_0 et_pb_row_empty\">\n\t\t\t\t\n\t\t\t\t\n\t\t\t\t\n\t\t\t\t\n\t\t\t\t\n\t\t\t<\/div> La visita a los portales institucionales del Ayuntamiento de la Villa de Agres se efect\u00faa en forma an\u00f3nima. Solamente para poder acceder a alguno de los servicios de la [&hellip;]<\/p>\n","protected":false},"author":1,"featured_media":0,"parent":61817,"menu_order":0,"comment_status":"closed","ping_status":"closed","template":"","meta":{"_et_pb_use_builder":"on","_et_pb_old_content":"","_et_gb_content_width":"","footnotes":""},"class_list":["post-61828","page","type-page","status-publish","hentry"],"yoast_head":"<!-- This site is optimized with the Yoast SEO plugin v26.9 - https:\/\/yoast.com\/product\/yoast-seo-wordpress\/ -->\n<title>Protecci\u00f3n de datos - Agres<\/title>\n<meta name=\"robots\" content=\"index, follow, max-snippet:-1, max-image-preview:large, max-video-preview:-1\" \/>\n<link rel=\"canonical\" href=\"https:\/\/www.agres.es\/es\/aviso-legal\/proteccion-de-datos\/\" \/>\n<meta property=\"og:locale\" content=\"es_ES\" \/>\n<meta property=\"og:type\" content=\"article\" \/>\n<meta property=\"og:title\" content=\"Protecci\u00f3n de datos - Agres\" \/>\n<meta property=\"og:description\" content=\"La visita a los portales institucionales del Ayuntamiento de la Villa de Agres se efect\u00faa en forma an\u00f3nima. Solamente para poder acceder a alguno de los servicios de la [&hellip;]\" \/>\n<meta property=\"og:url\" content=\"https:\/\/www.agres.es\/es\/aviso-legal\/proteccion-de-datos\/\" \/>\n<meta property=\"og:site_name\" content=\"Agres\" \/>\n<meta property=\"article:modified_time\" content=\"2021-03-12T11:54:23+00:00\" \/>\n<meta name=\"twitter:card\" content=\"summary_large_image\" \/>\n<meta name=\"twitter:label1\" content=\"Tiempo de lectura\" \/>\n\t<meta name=\"twitter:data1\" content=\"4 minutos\" \/>\n<script type=\"application\/ld+json\" class=\"yoast-schema-graph\">{\"@context\":\"https:\/\/schema.org\",\"@graph\":[{\"@type\":\"WebPage\",\"@id\":\"https:\/\/www.agres.es\/es\/aviso-legal\/proteccion-de-datos\/\",\"url\":\"https:\/\/www.agres.es\/es\/aviso-legal\/proteccion-de-datos\/\",\"name\":\"Protecci\u00f3n de datos - Agres\",\"isPartOf\":{\"@id\":\"https:\/\/www.agres.es\/es\/#website\"},\"datePublished\":\"2021-03-12T11:52:46+00:00\",\"dateModified\":\"2021-03-12T11:54:23+00:00\",\"breadcrumb\":{\"@id\":\"https:\/\/www.agres.es\/es\/aviso-legal\/proteccion-de-datos\/#breadcrumb\"},\"inLanguage\":\"es\",\"potentialAction\":[{\"@type\":\"ReadAction\",\"target\":[\"https:\/\/www.agres.es\/es\/aviso-legal\/proteccion-de-datos\/\"]}]},{\"@type\":\"BreadcrumbList\",\"@id\":\"https:\/\/www.agres.es\/es\/aviso-legal\/proteccion-de-datos\/#breadcrumb\",\"itemListElement\":[{\"@type\":\"ListItem\",\"position\":1,\"name\":\"Inicio\",\"item\":\"https:\/\/www.agres.es\/es\/\"},{\"@type\":\"ListItem\",\"position\":2,\"name\":\"Aviso legal\",\"item\":\"https:\/\/www.agres.es\/es\/aviso-legal\/\"},{\"@type\":\"ListItem\",\"position\":3,\"name\":\"Protecci\u00f3n de datos\"}]},{\"@type\":\"WebSite\",\"@id\":\"https:\/\/www.agres.es\/es\/#website\",\"url\":\"https:\/\/www.agres.es\/es\/\",\"name\":\"Agres\",\"description\":\"Ayuntamiento de la Vila de Agres\",\"potentialAction\":[{\"@type\":\"SearchAction\",\"target\":{\"@type\":\"EntryPoint\",\"urlTemplate\":\"https:\/\/www.agres.es\/es\/?s={search_term_string}\"},\"query-input\":{\"@type\":\"PropertyValueSpecification\",\"valueRequired\":true,\"valueName\":\"search_term_string\"}}],\"inLanguage\":\"es\"}]}<\/script>\n<!-- \/ Yoast SEO plugin. -->","yoast_head_json":{"title":"Protecci\u00f3n de datos - Agres","robots":{"index":"index","follow":"follow","max-snippet":"max-snippet:-1","max-image-preview":"max-image-preview:large","max-video-preview":"max-video-preview:-1"},"canonical":"https:\/\/www.agres.es\/es\/aviso-legal\/proteccion-de-datos\/","og_locale":"es_ES","og_type":"article","og_title":"Protecci\u00f3n de datos - Agres","og_description":"La visita a los portales institucionales del Ayuntamiento de la Villa de Agres se efect\u00faa en forma an\u00f3nima. Solamente para poder acceder a alguno de los servicios de la [&hellip;]","og_url":"https:\/\/www.agres.es\/es\/aviso-legal\/proteccion-de-datos\/","og_site_name":"Agres","article_modified_time":"2021-03-12T11:54:23+00:00","twitter_card":"summary_large_image","twitter_misc":{"Tiempo de lectura":"4 minutos"},"schema":{"@context":"https:\/\/schema.org","@graph":[{"@type":"WebPage","@id":"https:\/\/www.agres.es\/es\/aviso-legal\/proteccion-de-datos\/","url":"https:\/\/www.agres.es\/es\/aviso-legal\/proteccion-de-datos\/","name":"Protecci\u00f3n de datos - Agres","isPartOf":{"@id":"https:\/\/www.agres.es\/es\/#website"},"datePublished":"2021-03-12T11:52:46+00:00","dateModified":"2021-03-12T11:54:23+00:00","breadcrumb":{"@id":"https:\/\/www.agres.es\/es\/aviso-legal\/proteccion-de-datos\/#breadcrumb"},"inLanguage":"es","potentialAction":[{"@type":"ReadAction","target":["https:\/\/www.agres.es\/es\/aviso-legal\/proteccion-de-datos\/"]}]},{"@type":"BreadcrumbList","@id":"https:\/\/www.agres.es\/es\/aviso-legal\/proteccion-de-datos\/#breadcrumb","itemListElement":[{"@type":"ListItem","position":1,"name":"Inicio","item":"https:\/\/www.agres.es\/es\/"},{"@type":"ListItem","position":2,"name":"Aviso legal","item":"https:\/\/www.agres.es\/es\/aviso-legal\/"},{"@type":"ListItem","position":3,"name":"Protecci\u00f3n de datos"}]},{"@type":"WebSite","@id":"https:\/\/www.agres.es\/es\/#website","url":"https:\/\/www.agres.es\/es\/","name":"Agres","description":"Ayuntamiento de la Vila de Agres","potentialAction":[{"@type":"SearchAction","target":{"@type":"EntryPoint","urlTemplate":"https:\/\/www.agres.es\/es\/?s={search_term_string}"},"query-input":{"@type":"PropertyValueSpecification","valueRequired":true,"valueName":"search_term_string"}}],"inLanguage":"es"}]}},"_links":{"self":[{"href":"https:\/\/www.agres.es\/es\/wp-json\/wp\/v2\/pages\/61828","targetHints":{"allow":["GET"]}}],"collection":[{"href":"https:\/\/www.agres.es\/es\/wp-json\/wp\/v2\/pages"}],"about":[{"href":"https:\/\/www.agres.es\/es\/wp-json\/wp\/v2\/types\/page"}],"author":[{"embeddable":true,"href":"https:\/\/www.agres.es\/es\/wp-json\/wp\/v2\/users\/1"}],"replies":[{"embeddable":true,"href":"https:\/\/www.agres.es\/es\/wp-json\/wp\/v2\/comments?post=61828"}],"version-history":[{"count":0,"href":"https:\/\/www.agres.es\/es\/wp-json\/wp\/v2\/pages\/61828\/revisions"}],"up":[{"embeddable":true,"href":"https:\/\/www.agres.es\/es\/wp-json\/wp\/v2\/pages\/61817"}],"wp:attachment":[{"href":"https:\/\/www.agres.es\/es\/wp-json\/wp\/v2\/media?parent=61828"}],"curies":[{"name":"wp","href":"https:\/\/api.w.org\/{rel}","templated":true}]}}

Protección de datos

[et_pb_section bb_built=»1&#8243;][et_pb_row][et_pb_column type=»4_4&#8243;][et_pb_text _builder_version=»4.9.1&#8243; text_text_shadow_horizontal_length=»text_text_shadow_style,%91object Object%93&#8243; text_text_shadow_horizontal_length_tablet=»0px» text_text_shadow_vertical_length=»text_text_shadow_style,%91object Object%93&#8243; text_text_shadow_vertical_length_tablet=»0px» text_text_shadow_blur_strength=»text_text_shadow_style,%91object Object%93&#8243; text_text_shadow_blur_strength_tablet=»1px» link_text_shadow_horizontal_length=»link_text_shadow_style,%91object Object%93&#8243; link_text_shadow_horizontal_length_tablet=»0px» link_text_shadow_vertical_length=»link_text_shadow_style,%91object Object%93&#8243; link_text_shadow_vertical_length_tablet=»0px» link_text_shadow_blur_strength=»link_text_shadow_style,%91object Object%93&#8243; link_text_shadow_blur_strength_tablet=»1px» ul_text_shadow_horizontal_length=»ul_text_shadow_style,%91object Object%93&#8243; ul_text_shadow_horizontal_length_tablet=»0px» ul_text_shadow_vertical_length=»ul_text_shadow_style,%91object Object%93&#8243; ul_text_shadow_vertical_length_tablet=»0px» ul_text_shadow_blur_strength=»ul_text_shadow_style,%91object Object%93&#8243; ul_text_shadow_blur_strength_tablet=»1px» ol_text_shadow_horizontal_length=»ol_text_shadow_style,%91object Object%93&#8243; ol_text_shadow_horizontal_length_tablet=»0px» ol_text_shadow_vertical_length=»ol_text_shadow_style,%91object Object%93&#8243; ol_text_shadow_vertical_length_tablet=»0px» ol_text_shadow_blur_strength=»ol_text_shadow_style,%91object Object%93&#8243; ol_text_shadow_blur_strength_tablet=»1px» quote_text_shadow_horizontal_length=»quote_text_shadow_style,%91object Object%93&#8243; quote_text_shadow_horizontal_length_tablet=»0px» quote_text_shadow_vertical_length=»quote_text_shadow_style,%91object Object%93&#8243; quote_text_shadow_vertical_length_tablet=»0px» quote_text_shadow_blur_strength=»quote_text_shadow_style,%91object Object%93&#8243; quote_text_shadow_blur_strength_tablet=»1px» header_text_shadow_horizontal_length=»header_text_shadow_style,%91object Object%93&#8243; header_text_shadow_horizontal_length_tablet=»0px» header_text_shadow_vertical_length=»header_text_shadow_style,%91object Object%93&#8243; header_text_shadow_vertical_length_tablet=»0px» header_text_shadow_blur_strength=»header_text_shadow_style,%91object Object%93&#8243; header_text_shadow_blur_strength_tablet=»1px» header_2_text_shadow_horizontal_length=»header_2_text_shadow_style,%91object Object%93&#8243; header_2_text_shadow_horizontal_length_tablet=»0px» header_2_text_shadow_vertical_length=»header_2_text_shadow_style,%91object Object%93&#8243; header_2_text_shadow_vertical_length_tablet=»0px» header_2_text_shadow_blur_strength=»header_2_text_shadow_style,%91object Object%93&#8243; header_2_text_shadow_blur_strength_tablet=»1px» header_3_text_shadow_horizontal_length=»header_3_text_shadow_style,%91object Object%93&#8243; header_3_text_shadow_horizontal_length_tablet=»0px» header_3_text_shadow_vertical_length=»header_3_text_shadow_style,%91object Object%93&#8243; header_3_text_shadow_vertical_length_tablet=»0px» header_3_text_shadow_blur_strength=»header_3_text_shadow_style,%91object Object%93&#8243; header_3_text_shadow_blur_strength_tablet=»1px» header_4_text_shadow_horizontal_length=»header_4_text_shadow_style,%91object Object%93&#8243; header_4_text_shadow_horizontal_length_tablet=»0px» header_4_text_shadow_vertical_length=»header_4_text_shadow_style,%91object Object%93&#8243; header_4_text_shadow_vertical_length_tablet=»0px» header_4_text_shadow_blur_strength=»header_4_text_shadow_style,%91object Object%93&#8243; header_4_text_shadow_blur_strength_tablet=»1px» header_5_text_shadow_horizontal_length=»header_5_text_shadow_style,%91object Object%93&#8243; header_5_text_shadow_horizontal_length_tablet=»0px» header_5_text_shadow_vertical_length=»header_5_text_shadow_style,%91object Object%93&#8243; header_5_text_shadow_vertical_length_tablet=»0px» header_5_text_shadow_blur_strength=»header_5_text_shadow_style,%91object Object%93&#8243; header_5_text_shadow_blur_strength_tablet=»1px» header_6_text_shadow_horizontal_length=»header_6_text_shadow_style,%91object Object%93&#8243; header_6_text_shadow_horizontal_length_tablet=»0px» header_6_text_shadow_vertical_length=»header_6_text_shadow_style,%91object Object%93&#8243; header_6_text_shadow_vertical_length_tablet=»0px» header_6_text_shadow_blur_strength=»header_6_text_shadow_style,%91object Object%93&#8243; header_6_text_shadow_blur_strength_tablet=»1px» box_shadow_horizontal_tablet=»0px» box_shadow_vertical_tablet=»0px» box_shadow_blur_tablet=»40px» box_shadow_spread_tablet=»0px» vertical_offset_tablet=»0&#8243; horizontal_offset_tablet=»0&#8243; z_index_tablet=»0&#8243;]
<p>La visita a los portales institucionales del Ayuntamiento de la Villa de Agres se efectúa en forma anónima.<br />
Solamente para poder acceder a alguno de los servicios de la web que dispongan de gestión o trámite específico los usuarios habrán de suministrar los datos personales imprescindibles para la prestación del servicio solicitado.<br />
Estos datos se incorporarán a los correspondientes ficheros del Ayuntamiento de la Villa de Agres y serán tratados de conformidad con la regulación establecida por la Ley Orgánica 15/1.999, de 13 de diciembre, de Protección de Datos de Carácter Personal, y demás disposiciones de aplicación.<br />
Los datos recabados únicamente serán objeto de cesión, en su caso, previo consentimiento del interesado o de acuerdo con lo previsto en la citada Ley Orgánica de Protección de Datos de Carácter Personal.<br />
Las personas cuyos datos personales consten en un fichero del Ayuntamiento de la Villa de Agres podrán ejercitar los derechos de acceso, rectificación, cancelación y oposición, en la forma prevista en la Ley, ante el órgano responsable del fichero.</p>
[/et_pb_text][/et_pb_column][/et_pb_row][/et_pb_section]

<p><div class="et_pb_row et_pb_row_0 et_pb_row_empty">
				
				
				
				
				
			</div> La visita a los portales institucionales del Ayuntamiento de la Villa de Agres se efectúa en forma anónima. Solamente para poder acceder a alguno de los servicios de la [&hellip;]</p>

<!-- This site is optimized with the Yoast SEO plugin v26.9 - https://yoast.com/product/yoast-seo-wordpress/ -->
<title>Protección de datos - Agres</title>
<meta name="robots" content="index, follow, max-snippet:-1, max-image-preview:large, max-video-preview:-1" />
<link rel="canonical" href="https://www.agres.es/es/aviso-legal/proteccion-de-datos/" />
<meta property="og:locale" content="es_ES" />
<meta property="og:type" content="article" />
<meta property="og:title" content="Protección de datos - Agres" />
<meta property="og:description" content="La visita a los portales institucionales del Ayuntamiento de la Villa de Agres se efectúa en forma anónima. Solamente para poder acceder a alguno de los servicios de la [&hellip;]" />
<meta property="og:url" content="https://www.agres.es/es/aviso-legal/proteccion-de-datos/" />
<meta property="og:site_name" content="Agres" />
<meta property="article:modified_time" content="2021-03-12T11:54:23+00:00" />
<meta name="twitter:card" content="summary_large_image" />
<meta name="twitter:label1" content="Tiempo de lectura" />
	<meta name="twitter:data1" content="4 minutos" />
<script type="application/ld+json" class="yoast-schema-graph">{"@context":"https://schema.org","@graph":[{"@type":"WebPage","@id":"https://www.agres.es/es/aviso-legal/proteccion-de-datos/","url":"https://www.agres.es/es/aviso-legal/proteccion-de-datos/","name":"Protección de datos - Agres","isPartOf":{"@id":"https://www.agres.es/es/#website"},"datePublished":"2021-03-12T11:52:46+00:00","dateModified":"2021-03-12T11:54:23+00:00","breadcrumb":{"@id":"https://www.agres.es/es/aviso-legal/proteccion-de-datos/#breadcrumb"},"inLanguage":"es","potentialAction":[{"@type":"ReadAction","target":["https://www.agres.es/es/aviso-legal/proteccion-de-datos/"]}]},{"@type":"BreadcrumbList","@id":"https://www.agres.es/es/aviso-legal/proteccion-de-datos/#breadcrumb","itemListElement":[{"@type":"ListItem","position":1,"name":"Inicio","item":"https://www.agres.es/es/"},{"@type":"ListItem","position":2,"name":"Aviso legal","item":"https://www.agres.es/es/aviso-legal/"},{"@type":"ListItem","position":3,"name":"Protección de datos"}]},{"@type":"WebSite","@id":"https://www.agres.es/es/#website","url":"https://www.agres.es/es/","name":"Agres","description":"Ayuntamiento de la Vila de Agres","potentialAction":[{"@type":"SearchAction","target":{"@type":"EntryPoint","urlTemplate":"https://www.agres.es/es/?s={search_term_string}"},"query-input":{"@type":"PropertyValueSpecification","valueRequired":true,"valueName":"search_term_string"}}],"inLanguage":"es"}]}</script>
<!-- / Yoast SEO plugin. -->

Protección de datos - Agres

La visita a los portales institucionales del Ayuntamiento de la Villa de Agres se efectúa en forma anónima. Solamente para poder acceder a alguno de los servicios de la [&hellip;]
